{"id":96,"date":"2017-05-17T12:53:56","date_gmt":"2017-05-17T09:53:56","guid":{"rendered":"https:\/\/yardem.com\/?page_id=96"},"modified":"2017-05-17T12:53:57","modified_gmt":"2017-05-17T09:53:57","slug":"ana-sayfa","status":"publish","type":"page","link":"https:\/\/yardem.com\/index.php\/tr\/ana-sayfa\/","title":{"rendered":"Ana Sayfa"},"content":{"rendered":"<div id=\"pl-96\"  class=\"panel-layout\" ><div id=\"pg-96-0\"  class=\"panel-grid panel-no-style\" ><div id=\"pgc-96-0-0\"  class=\"panel-grid-cell\" ><div id=\"panel-96-0-0-0\" class=\"so-panel widget widget_sow-editor panel-first-child panel-last-child\" data-index=\"0\" ><div class=\"so-widget-sow-editor so-widget-sow-editor-base\">\n<div class=\"siteorigin-widget-tinymce textwidget\">\n\t<div id=\"pgc-33-0-1\" class=\"panel-grid-cell\">\n<div id=\"panel-33-0-1-0\" class=\"so-panel widget widget_sow-editor panel-first-child panel-last-child\" data-index=\"1\">\n<div class=\"so-widget-sow-editor so-widget-sow-editor-base\">\n<div class=\"siteorigin-widget-tinymce textwidget\">\n<p>Yardem Plastik, 1960 y\u0131l\u0131nda plastik ambalaj sekt\u00f6r\u00fcndeki faaliyetlerine ba\u015flam\u0131\u015ft\u0131r.<\/p>\n<p>T\u00fcrkiye\u2019de bu sekt\u00f6rde kurulan ilk firmalardan biri olup g\u00fcn\u00fcm\u00fczde faaliyet g\u00f6steren en k\u00f6kl\u00fc firma olma \u00f6zelli\u011fini ta\u015f\u0131maktad\u0131r.<\/p>\n<p>Yardem, 1960\u2019dan beri s\u00fcrd\u00fcrd\u00fc\u011f\u00fc sayg\u0131nl\u0131\u011f\u0131n\u0131; deneyimleri \u0131\u015f\u0131\u011f\u0131nda kendini s\u00fcrekli geli\u015ftirmesine ve benimsedi\u011fi yenilik\u00e7i \u00fcretim anlay\u0131\u015f\u0131yla sa\u011flad\u0131\u011f\u0131 m\u00fc\u015fteri memnuniyetini her daim ama\u00e7 edinmesine bor\u00e7ludur.<\/p>\n<p>Yardem Plastik, 1989 y\u0131l\u0131ndan itibaren meyve ve sebze ambalaj\u0131 \u00fczerine yo\u011funla\u015fm\u0131\u015ft\u0131r. Bu alanda da ilk olan Yardem, yapt\u0131\u011f\u0131 ARGE \u00e7al\u0131\u015fmalar\u0131 ve geli\u015ftirdi\u011fi teknoloji do\u011frultusunda m\u00fc\u015fterilerine g\u0131daya uygun, kaliteli ve g\u00fcvenilir po\u015fetler \u00fcretmektedir.<\/p>\n<\/div>\n<\/div>\n<\/div>\n<\/div>\n<\/div>\n<\/div><\/div><\/div><\/div><\/div>","protected":false},"excerpt":{"rendered":"<p>Yardem Plastik, 1960 y\u0131l\u0131nda plastik ambalaj sekt\u00f6r\u00fcndeki faaliyetlerine ba\u015flam\u0131\u015ft\u0131r.T\u00fcrkiye\u2019de bu sekt\u00f6rde kurulan ilk firmalardan biri olup g\u00fcn\u00fcm\u00fczde faaliyet g\u00f6steren en k\u00f6kl\u00fc firma olma \u00f6zelli\u011fini ta\u015f\u0131maktad\u0131r.Yardem, 1960\u2019dan beri s\u00fcrd\u00fcrd\u00fc\u011f\u00fc sayg\u0131nl\u0131\u011f\u0131n\u0131; deneyimleri \u0131\u015f\u0131\u011f\u0131nda kendini s\u00fcrekli geli\u015ftirmesine ve benimsedi\u011fi yenilik\u00e7i \u00fcretim anlay\u0131\u015f\u0131yla sa\u011flad\u0131\u011f\u0131 m\u00fc\u015fteri memnuniyetini her daim ama\u00e7 edinmesine bor\u00e7ludur.Yardem Plastik, 1989 y\u0131l\u0131ndan itibaren meyve ve sebze ambalaj\u0131 [&hellip;]<\/p>\n","protected":false},"author":3,"featured_media":0,"parent":0,"menu_order":0,"comment_status":"closed","ping_status":"closed","template":"home-panels.php","meta":{"ngg_post_thumbnail":0},"_links":{"self":[{"href":"https:\/\/yardem.com\/index.php\/wp-json\/wp\/v2\/pages\/96"}],"collection":[{"href":"https:\/\/yardem.com\/index.php\/wp-json\/wp\/v2\/pages"}],"about":[{"href":"https:\/\/yardem.com\/index.php\/wp-json\/wp\/v2\/types\/page"}],"author":[{"embeddable":true,"href":"https:\/\/yardem.com\/index.php\/wp-json\/wp\/v2\/users\/3"}],"replies":[{"embeddable":true,"href":"https:\/\/yardem.com\/index.php\/wp-json\/wp\/v2\/comments?post=96"}],"version-history":[{"count":2,"href":"https:\/\/yardem.com\/index.php\/wp-json\/wp\/v2\/pages\/96\/revisions"}],"predecessor-version":[{"id":98,"href":"https:\/\/yardem.com\/index.php\/wp-json\/wp\/v2\/pages\/96\/revisions\/98"}],"wp:attachment":[{"href":"https:\/\/yardem.com\/index.php\/wp-json\/wp\/v2\/media?parent=96"}],"curies":[{"name":"wp","href":"https:\/\/api.w.org\/{rel}","templated":true}]}}